he ten thousands digit of 81768?
8
What is the ten thousands digit of 568513?
6
What is the millions digit of 1465241?
1
What is the ten thousands digit of 869224?
6
What is the millions digit of 6288101?
6
What is the units digit of 21042410?
0
What is the ten thousands digit of 32117914?
1
What is the hundreds digit of 3310?
3
What is the tens digit of 1700566?
6
What is the thousands digit of 142803?
2
What is the tens digit of 731429?
2
What is the thousands digit of 309404?
9
What is the units digit of 291344?
4
What is the ten thousands digit of 28852?
2
What is the thousands digit of 1403126?
3
What is the thousands digit of 6477016?
7
What is the hundred thousands digit of 473760?
4
What is the hundreds digit of 1376044?
0
What is the thousands digit of 672399?
2
What is the tens digit of 742735?
3
What is the ten thousands digit of 353874?
5
What is the tens digit of 7088807?
0
What is the hundreds digit of 287626?
6
What is the units digit of 9810987?
7
What is the hundred thousands digit of 5292287?
2
What is the hundreds digit of 308988?
9
What is the hundreds digit of 5405045?
0
What is the millions digit of 5342542?
5
What is the units digit of 1541782?
2
What is the hundreds digit of 1198456?
4
What is the hundreds digit of 1605672?
6
What is the ten thousands digit of 1429271?
2
What is the hundred thousands digit of 212193?
2
What is the ten thousands digit of 40856?
4
What is the ten thousands digit of 8177756?
7
What is the units digit of 4094938?
8
What is the ten thousands digit of 505350?
0
What is the tens digit of 18209?
0
What is the tens digit of 378925?
2
What is the thousands digit of 3129098?
9
What is the tens digit of 266562?
6
What is the ten thousands digit of 245700?
4
What is the ten thousands digit of 178283?
7
What is the units digit of 97693?
3
What is the units digit of 4332369?
9
What is the hundreds digit of 1292837?
8
What is the units digit of 223546?
6
What is the hundreds digit of 36063?
0
What is the hundred thousands digit of 107577?
1
What is the hundreds digit of 2819621?
6
What is the units digit of 622978?
8
What is the ten thousands digit of 19583549?
8
What is the units digit of 142202?
2
What is the thousands digit of 190099?
0
What is the thousands digit of 32935?
2
What is the tens digit of 2388383?
8
What is the ten thousands digit of 501034?
0
What is the hundred thousands digit of 21740925?
7
What is the tens digit of 9073763?
6
What is the hundred thousands digit of 240157?
2
What is the units digit of 152096?
6
What is the tens digit of 251304?
0
What is the units digit of 2041239?
9
What is the tens digit of 427776?
7
What is the thousands digit of 20035?
0
What is the units digit of 1520686?
6
What is the units digit of 1220715?
5
What is the hundred thousands digit of 510129?
5
What is the units digit of 2220701?
1
What is the ten thousands digit of 48268?
4
What is the hundred thousands digit of 2909029?
9
What is the hundreds digit of 616593?
5
What is the units digit of 2979549?
9
What is the hundreds digit of 2191532?
5
What is the hundred thousands digit of 262064?
2
What is the ten thousands digit of 1838834?
3
What is the units digit of 381441?
1
What is the ten thousands digit of 180454?
8
What is the thousands digit of 899222?
9
What is the hundreds digit of 3477459?
4
What is the units digit of 14766658?
8
What is the hundred thousands digit of 3265390?
2
What is the units digit of 11236042?
2
What is the units digit of 1523825?
5
What is the thousands digit of 241861?
1
What is the tens digit of 529442?
4
What is the thousands digit of 831477?
1
What is the hundreds digit of 431924?
9
What is the tens digit of 832109?
0
What is the units digit of 299360?
0
What is the ten millions digit of 13797551?
1
What is the thousands digit of 1613418?
3
What is the ten thousands digit of 361616?
6
What is the hundred thousands digit of 1724910?
7
What is the hundred thousands digit of 2196559?
1
What is the hundreds digit of 300560?
5
What is the hundred thousands digit of 1001384?
0
What is the ten thousands digit of 20032213?
3
What is the hundreds digit of 22888777?
7
What is the tens digit of 1540137?
3
What is the ten thousands digit of 893947?
9
What is the tens digit of 29693?
9
What is the thousands digit of 2360513?
0
What is the ten millions digit of 17840264?
1
What is the millions digit of 1065296?
1
What is the hundreds digit of 3234333?
3
What is the thousands digit of 116241?
6
What is the units digit of 1924569?
9
What is the units digit of 646702?
2
What is the millions digit of 1277337?
1
What is the ten thousands digit of 2394816?
9
What is the ten thousands digit of 9089022?
8
What is the hundreds digit of 24781?
7
What is the thousands digit of 9645803?
5
What is the thousands digit of 505584?
5
What is the hundreds digit of 455770?
7
What is the tens digit of 4982336?
3
What is the hundred thousands digit of 3831851?
8
What is the tens digit of 255787?
8
What is the units digit of 257962?
2
What is the thousands digit of 147427?
7
What is the hundred thousands digit of 3938211?
9
What is the tens digit of 9444500?
0
What is the units digit of 87489?
9
What is the ten thousands digit of 118356?
1
What is the tens digit of 37720?
2
What is the ten thousands digit of 3789839?
8
What is the tens digit of 239842?
4
What is the hundreds digit of 926611?
6
What is the hundreds digit of 1057586?
5
What is the hundreds digit of 265721?
7
What is the hundreds digit of 16086388?
3
What is the tens digit of 885201?
0
What is the ten thousands digit of 952708?
5
What is the tens digit of 293728?
2
What is the ten thousands digit of 1168183?
6
What is the tens digit of 12511866?
6
What is the thousands digit of 3092255?
2
What is the thousands digit of 4723282?
3
What is the units digit of 7813225?
5
What is the tens digit of 28017586?
8
What is the ten thousands digit of 553082?
5
What is the hundred thousands digit of 4485685?
4
What is the tens digit of 31188?
8
What is the thousands digit of 12819185?
9
What is the units digit of 157386?
6
What is the units digit of 5457531?
1
What is the ten thousands digit of 694219?
9
What is the thousands digit of 8574040?
4
What is the units digit of 299142?
2
What is the units digit of 92902?
2
What is the hundred thousands digit of 8835324?
8
What is the thousands digit of 343341?
3
What is the thousands digit of 3735719?
5
What is the hundreds digit of 156696?
6
What is the ten thousands digit of 757833?
5
What is the hundreds digit of 2382731?
7
What is the hundred thousands digit of 183788?
1
What is the hundred thousands digit of 867574?
8
What is the hundreds digit of 10149804?
8
What is the tens digit of 2774750?
5
What is the thousands digit of 2773898?
3
What is the tens digit of 37797?
9
What is the hundred thousands digit of 8927384?
9
What is the ten millions digit of 23577247?
2
What is the tens digit of 126511?
1
What is the hundreds digit of 263499?
4
What is the ten thousands digit of 1200994?
0
What is the units digit of 497440?
0
What is the millions digit of 4843829?
4
What is the tens digit of 45018?
1
What is the tens digit of 2809786?
8
What is the tens digit of 672887?
8
What is the ten thousands digit of 2756760?
5
What is the millions digit of 1180951?
1
What is the ten thousands digit of 986479?
8
What is the ten thousands digit of 117169?
1
What is the hundred thousands digit of 3539136?
5
What is the hundreds digit of 569998?
9
What is the thousands digit of 241643?
1
What is the hundreds digit of 192518?
5
What is the millions digit of 1006606?
1
What is the ten thousands digit of 1774538?
7
What is the units digit of 823356?
6
What is the hundreds digit of 4658989?
9
What is the tens digit of 9227000?
0
What is the millions digit of 8997121?
8
What is the thousands digit of 406647?
6
What is the thousands digit of 5562674?
2
What is the millions digit of 1706488?
1
What is the thousands digit of 16754248?
4
What is the hundreds digit of 30414?
4
What is the thousands digit of 4942629?
2
What is the units digit of 1203338?
8
What is the ten millions digit of 14776797?
1
What is the units digit of 4108087?
7
What is the hundreds digit of 202464?
4
What is the thousands digit of 334029?
4
What is t